{"id":2,"date":"2017-06-30T13:35:02","date_gmt":"2017-06-30T11:35:02","guid":{"rendered":"http:\/\/46.20.41.91:2080\/?page_id=2"},"modified":"2017-08-17T19:17:25","modified_gmt":"2017-08-17T17:17:25","slug":"beispiel-seite","status":"publish","type":"page","link":"https:\/\/www.birekoven.de\/?page_id=2","title":{"rendered":"Trauerfall"},"content":{"rendered":"<p>Ein Mensch ist gestorben. Sie als Familie sind traurig, dass sie oder er nicht mehr bei Ihnen ist.<\/p>\n<p>Damit Sie sich jetzt nicht um Formalit\u00e4ten, Termine etc. k\u00fcmmern m\u00fcssen, rufen Sie uns an.<br \/>\nWir sind Tag und Nacht f\u00fcr Sie erreichbar, auch an Sonn- und Feiertagen.<\/p>\n<p>Tel: 02421 \/ 96 15 60<\/p>\n<p>&nbsp;<\/p>\n<p>Nachdem Sie mit uns Kontakt aufgenommen haben, vereinbaren wir mit Ihnen einen Termin f\u00fcr ein Trauergespr\u00e4ch, entweder in unseren R\u00e4umlichkeiten oder bei Ihnen zu Hause.<\/p>\n<p>Wir richten uns diesbez\u00fcglich ganz nach Ihren W\u00fcnschen.<\/p>\n<p>Im Trauergespr\u00e4ch kann dann der weitere Ablauf der Bestattung in Ruhe besprochen werden. Ihre W\u00fcnsche hinsichtlich des Ablaufs der Trauerfeier werden auf jeden Fall von uns ber\u00fccksichtigt und stehen f\u00fcr uns an erster Stelle.<\/p>\n<p>&nbsp;<\/p>\n<p>Wir reichen Ihnen die Hand und bieten Ihnen unsere<\/p>\n<p>HILFE &#8211; UNTERST\u00dcTZUNG &#8211; BERATUNG<\/p>\n<p>in allen Bereichen zum Thema &#8222;Bestattung&#8220; an!<\/p>\n<p>&nbsp;<\/p>\n","protected":false},"excerpt":{"rendered":"<p>Ein Mensch ist gestorben. Sie als Familie sind traurig, dass sie oder er nicht mehr bei Ihnen ist. Damit Sie sich jetzt [&hellip;]<\/p>\n","protected":false},"author":6,"featured_media":0,"parent":0,"menu_order":3,"comment_status":"closed","ping_status":"open","template":"","meta":{"ngg_post_thumbnail":0,"footnotes":""},"class_list":["post-2","page","type-page","status-publish","hentry"],"_links":{"self":[{"href":"https:\/\/www.birekoven.de\/index.php?rest_route=\/wp\/v2\/pages\/2","targetHints":{"allow":["GET"]}}],"collection":[{"href":"https:\/\/www.birekoven.de\/index.php?rest_route=\/wp\/v2\/pages"}],"about":[{"href":"https:\/\/www.birekoven.de\/index.php?rest_route=\/wp\/v2\/types\/page"}],"author":[{"embeddable":true,"href":"https:\/\/www.birekoven.de\/index.php?rest_route=\/wp\/v2\/users\/6"}],"replies":[{"embeddable":true,"href":"https:\/\/www.birekoven.de\/index.php?rest_route=%2Fwp%2Fv2%2Fcomments&post=2"}],"version-history":[{"count":3,"href":"https:\/\/www.birekoven.de\/index.php?rest_route=\/wp\/v2\/pages\/2\/revisions"}],"predecessor-version":[{"id":204,"href":"https:\/\/www.birekoven.de\/index.php?rest_route=\/wp\/v2\/pages\/2\/revisions\/204"}],"wp:attachment":[{"href":"https:\/\/www.birekoven.de\/index.php?rest_route=%2Fwp%2Fv2%2Fmedia&parent=2"}],"curies":[{"name":"wp","href":"https:\/\/api.w.org\/{rel}","templated":true}]}}

<p>Ein Mensch ist gestorben. Sie als Familie sind traurig, dass sie oder er nicht mehr bei Ihnen ist.</p>
<p>Damit Sie sich jetzt nicht um Formalitäten, Termine etc. kümmern müssen, rufen Sie uns an.<br />
Wir sind Tag und Nacht für Sie erreichbar, auch an Sonn- und Feiertagen.</p>
<p>Tel: 02421 / 96 15 60</p>
<p>&nbsp;</p>
<p>Nachdem Sie mit uns Kontakt aufgenommen haben, vereinbaren wir mit Ihnen einen Termin für ein Trauergespräch, entweder in unseren Räumlichkeiten oder bei Ihnen zu Hause.</p>
<p>Wir richten uns diesbezüglich ganz nach Ihren Wünschen.</p>
<p>Im Trauergespräch kann dann der weitere Ablauf der Bestattung in Ruhe besprochen werden. Ihre Wünsche hinsichtlich des Ablaufs der Trauerfeier werden auf jeden Fall von uns berücksichtigt und stehen für uns an erster Stelle.</p>
<p>&nbsp;</p>
<p>Wir reichen Ihnen die Hand und bieten Ihnen unsere</p>
<p>HILFE &#8211; UNTERSTÜTZUNG &#8211; BERATUNG</p>
<p>in allen Bereichen zum Thema &#8222;Bestattung&#8220; an!</p>
<p>&nbsp;</p>
